 of 33?
False
Is 51 a factor of 4436439?
True
Does 8 divide 45354650?
False
Does 31 divide 9105506?
True
Is 9 a factor of 4203675?
True
Does 95 divide 245632265?
False
Is 612 a factor of 45647243?
False
Is 262682915 a multiple of 751?
False
Does 759 divide 164378860?
False
Is 69367362 a multiple of 699?
True
Is 4067 a factor of 420948159?
False
Is 16 a factor of 31177488?
True
Is 4762 a factor of 448999456?
True
Is 105 a factor of 206511270?
True
Is 189 a factor of 5824035?
True
Is 16576560 a multiple of 18?
True
Is 589479263 a multiple of 1475?
False
Does 966 divide 542001695?
False
Is 8067569 a multiple of 17?
False
Does 7 divide 16847677?
True
Does 4 divide 11021233?
False
Is 9105769 a multiple of 311?
True
Is 26 a factor of 2024039342?
True
Is 2306 a factor of 54564572?
True
Is 1095 a factor of 2352652549?
False
Is 955 a factor of 440932095?
True
Does 235 divide 434959463?
False
Is 4 a factor of 1056667763?
False
Does 732 divide 70778662?
False
Does 1220 divide 1458166365?
False
Is 981 a factor of 17314202?
False
Does 38 divide 1647414?
True
Is 34 a factor of 90597046?
True
Is 11151081 a multiple of 513?
True
Is 156373727 a multiple of 2?
False
Is 47402609 a multiple of 2334?
False
Is 185206864 a multiple of 3134?
True
Does 4642 divide 400465836?
False
Is 52944388 a multiple of 18?
False
Is 48 a factor of 7868210?
False
Is 1048518203 a multiple of 33?
False
Is 389 a factor of 221300155?
True
Does 72 divide 8297241?
False
Does 956 divide 124971583?
False
Is 75 a factor of 1113797625?
True
Does 5752 divide 1539826804?
False
Is 11 a factor of 201170398?
True
Is 59 a factor of 11807575?
False
Is 166 a factor of 60860248?
True
Is 72 a factor of 1023082807?
False
Does 29 divide 75172060?
True
Is 241888838 a multiple of 58?
False
Is 35 a factor of 17140126?
False
Is 41 a factor of 113865077?
True
Is 152 a factor of 11595623?
False
Is 13576472 a multiple of 28?
True
Is 182 a factor of 136783738?
True
Is 345 a factor of 6929701792?
False
Does 266 divide 33173398?
False
Is 190 a factor of 28431980?
True
Is 3631 a factor of 175771?
False
Does 30 divide 139014900?
True
Is 1640 a factor of 2081243640?
True
Is 9 a factor of 129348882?
True
Is 74200840 a multiple of 28?
True
Is 700896096 a multiple of 1278?
True
Is 7 a factor of 504791602?
True
Is 132349590 a multiple of 482?
False
Is 126748700 a multiple of 13?
True
Does 8167 divide 735895702?
True
Is 2846734547 a multiple of 43?
True
Is 30263231 even?
False
Does 46 divide 43032632?
True
Is 3629024 a multiple of 14?
True
Does 416 divide 17796884?
False
Is 134730022 a multiple of 55?
False
Is 233394878 a multiple of 4614?
False
Does 145 divide 184084460?
True
Is 33905269 a multiple of 57?
False
Does 168 divide 7800072?
True
Is 1296832248 a multiple of 91?
False
Is 563169960 a multiple of 120?
True
Is 395 a factor of 9254850?
True
Is 1317228068 a multiple of 4402?
True
Is 185649490 a multiple of 559?
True
Does 120 divide 56911440?
True
Does 1317 divide 490723941?
False
Is 23 a factor of 102895629?
True
Does 1614 divide 2130706907?
False
Is 7076550 a multiple of 75?
True
Is 63 a factor of 900556146?
True
Is 2 a factor of 798832?
True
Does 1549 divide 483377842?
True
Is 41 a factor of 95072431?
False
Is 38221161 a multiple of 11?
True
Is 2 a factor of 80744706?
True
Does 330 divide 11347050?
True
Is 2328 a factor of 361895015?
False
Does 5 divide 452100?
True
Is 220521940 a multiple of 81?
False
Is 398509385 a multiple of 543?
False
Does 384 divide 14475908?
False
Is 168 a factor of 98350896?
True
Is 1800709488 a multiple of 27?
True
Does 25 divide 1521467?
False
Is 37 a factor of 192363044?
False
Does 20 divide 85106640?
True
Is 166 a factor of 30180801?
False
Is 39752693 a multiple of 317?
False
Is 62315330 a multiple of 35?
True
Is 1137 a factor of 17770173?
True
Is 3 a factor of 438817740?
True
Is 288 a factor of 37074001?
False
Is 1351 a factor of 640998162?
True
Is 175164714 a multiple of 880?
False
Does 16 divide 8254343?
False
Does 25 divide 1523957?
False
Is 3 a factor of 723731?
False
Does 12 divide 61891879?
False
Is 181389260 a multiple of 13?
True
Does 233 divide 2767807?
True
Does 492 divide 272561112?
True
Does 21 divide 1643595009?
True
Does 72 divide 102192192?
True
Is 3305163 a multiple of 61?
True
Does 2122 divide 52574567?
False
Is 629 a factor of 146455102?
True
Is 6 a factor of 324869934?
True
Is 19929657 a multiple of 190?
False
Does 11483 divide 2616254544?
False
Is 440166524 a multiple of 3829?
True
Does 73 divide 27391279?
True
Is 3 a factor of 10018831?
False
Is 54 a factor of 1145480616?
True
Is 56 a factor of 146990318?
False
Does 2 divide 68477142?
True
Is 369 a factor of 99414873?
True
Is 4759953 a multiple of 122?
False
Is 990233562 a multiple of 27?
False
Does 6333 divide 1274642910?
True
Is 129 a factor of 137618805?
False
Is 1982540250 a multiple of 450?
True
Is 17 a factor of 2761454228?
True
Is 81464630 a multiple of 13?
True
Is 395535917 a multiple of 33?
False
Does 84 divide 98186592?
True
Is 6491624 a multiple of 167?
True
Is 98 a factor of 22823416?
True
Is 11 a factor of 543413585?
True
Is 1007241870 a multiple of 285?
True
Is 144646882 a multiple of 19?
False
Is 195 a factor of 48413040?
True
Is 1604 a factor of 187335972?
True
Is 300 a factor of 227437200?
True
Is 67 a factor of 1056397911?
True
Is 575498713 a multiple of 50?
False
Is 56996903 a multiple of 213?
False
Is 4 a factor of 45647347?
False
Is 409905632 a multiple of 391?
True
Does 39 divide 109311390?
False
Does 613 divide 40441871?
False
Does 67 divide 2768823?
False
Does 19 divide 2086384?
False
Is 1243433692 a multiple of 6615?
False
Is 22321728 a multiple of 144?
True
Does 297 divide 51333777?
True
Does 140 divide 2880593614?
False
Is 649 a factor of 2082939986?
False
Is 16650689 a multiple of 31?
True
Does 163 divide 401319695?
False
Is 4099064888 a multiple of 2862?
False
Is 1327411509 a multiple of 947?
False
Is 7 a factor of 33214356?
True
Is 18433494 a multiple of 47?
True
Is 101265653 a multiple of 1639?
False
Is 13 a factor of 11326562?
True
Does 4 divide 2120872?
True
Is 159 a factor of 161627952?
True
Is 171 a factor of 39557654?
False
Is 2391 a factor of 448324455?
True
Does 400 divide 6830582?
False
Does 19 divide 852486?
False
Is 6747321 a multiple of 134?
False
Is 1260473219 a multiple of 26?
False
Does 2058 divide 126610218?
True
Does 6591 divide 1863077970?
True
Does 28 divide 188937028?
True
Does 40 divide 587452256?
False
Is 30 a factor of 17290050?
True
Does 59 divide 961259344?
False
Does 47 divide 35281114?
True
Does 1165 divide 356407285?
True
Is 499 a factor of 15514319?
False
Is 76 a factor of 13363232?
True
Does 363 divide 3411837?
True
Does 25 divide 168492284?
False
Does 99 divide 700432821?
True
Does 72 divide 607402800?
True
Does 169 divide 108411744?
False
Is 1136 a factor of 156975888?
True
Is 5243541 a multiple of 80?
False
Does 93 divide 38884548?
False
Is 121593160 a multiple of 1014?
False
Is 10 a factor of 29805790?
True
Is 24 a factor of 16118856?
True
Is 15618333 a multiple of 15?
False
Does 500 divide 178158535?
False
Is 2 a factor of 7864777?
False
Does 20 divide 4128599?
False
Does 271 divide 18858619?
True
Is 24 a factor of 19876512?
True
Is 255 a factor of 336943086?
False
Does 2 divide 7250528?
True
Is 10 a factor of 123914885?
False
Is 3202 a factor of 57461756?
False
Does 1342 divide 32975624?
True
Is 57 a factor of 868916301?
False
Is 12 a factor of 7164804?
True
Is 324639335 a multiple of 20?
False
Does 58 divide 191219678?
True
Is 59060132 a multiple of 19?
True
Is 730331358 a multiple of 407?
False
Is 41048194 a multiple of 162?
False
Does 16 divide 4152891654?
False
Does 12 divide 390819708?
True
Does 485 divide 268913100?
True
Is 55 a factor of 785757727?
False
Is 1383 a factor of 761579376?
True
Does 49 divide 619753900?
False
Is 18 a factor of 474632622?
True
Does 38 divide 182662200?
True
Is 112 a factor of 608591762?
False
Is 115906338 a multiple of 73?
False
Is 63 a factor of 12754224?
True
Is 84714201 a multiple of 1287?
True
Is 9 a factor of 55402731?
True
Is 46 a factor of 845472969?
False
Is 437825951 a multiple of 557?
True
Does 587 divide 14079223?
False
Is 21 a factor of 55050366?
True
Is 3 a factor of 21488006?
False
Is 15554000 a 